{"id":84,"date":"2019-11-25T16:26:28","date_gmt":"2019-11-25T16:26:28","guid":{"rendered":"http:\/\/desguacedemotos.info\/?page_id=84"},"modified":"2021-04-09T15:00:52","modified_gmt":"2021-04-09T15:00:52","slug":"compra-y-recogida-de-motos","status":"publish","type":"page","link":"https:\/\/desguacedemotos.info\/index.php\/compra-y-recogida-de-motos\/","title":{"rendered":"COMPRA Y RECOGIDA DE MOTOS"},"content":{"rendered":"\n<div class=\"wp-block-cover has-background-dim-20 has-background-dim\"><img decoding=\"async\" loading=\"lazy\" width=\"768\" height=\"1580\" class=\"wp-block-cover__image-background wp-image-8383\" alt=\"\" src=\"https:\/\/i0.wp.com\/desguacedemotos.info\/wp-content\/uploads\/2021\/03\/FOTO-RECOGIDA-DE-MOTOS.png?resize=768%2C1580&#038;ssl=1\" data-object-fit=\"cover\" srcset=\"https:\/\/i0.wp.com\/desguacedemotos.info\/wp-content\/uploads\/2021\/03\/FOTO-RECOGIDA-DE-MOTOS.png?w=768&amp;ssl=1 768w, https:\/\/i0.wp.com\/desguacedemotos.info\/wp-content\/uploads\/2021\/03\/FOTO-RECOGIDA-DE-MOTOS.png?resize=600%2C1234&amp;ssl=1 600w, https:\/\/i0.wp.com\/desguacedemotos.info\/wp-content\/uploads\/2021\/03\/FOTO-RECOGIDA-DE-MOTOS.png?resize=146%2C300&amp;ssl=1 146w, https:\/\/i0.wp.com\/desguacedemotos.info\/wp-content\/uploads\/2021\/03\/FOTO-RECOGIDA-DE-MOTOS.png?resize=498%2C1024&amp;ssl=1 498w, https:\/\/i0.wp.com\/desguacedemotos.info\/wp-content\/uploads\/2021\/03\/FOTO-RECOGIDA-DE-MOTOS.png?resize=85%2C175&amp;ssl=1 85w, https:\/\/i0.wp.com\/desguacedemotos.info\/wp-content\/uploads\/2021\/03\/FOTO-RECOGIDA-DE-MOTOS.png?resize=747%2C1536&amp;ssl=1 747w, https:\/\/i0.wp.com\/desguacedemotos.info\/wp-content\/uploads\/2021\/03\/FOTO-RECOGIDA-DE-MOTOS.png?resize=170%2C350&amp;ssl=1 170w\" sizes=\"(max-width: 768px) 100vw, 768px\" data-recalc-dims=\"1\" \/><div class=\"wp-block-cover__inner-container\">\n<p class=\"has-text-align-center has-very-light-gray-color has-text-color\" style=\"font-size:23px\">COMPRAMOS Y RECOGEMOS TU MOTO EN TODA ESPA\u00d1A<\/p>\n<\/div><\/div>\n\n\n\n<div style=\"height:100px\" aria-hidden=\"true\" class=\"wp-block-spacer\"><\/div>\n\n\n\n<div class=\"wp-block-media-text alignwide is-stacked-on-mobile is-vertically-aligned-center has-background\"><figure class=\"wp-block-media-text__media\"><img decoding=\"async\" loading=\"lazy\" width=\"640\" height=\"360\" src=\"https:\/\/i0.wp.com\/desguacedemotos.info\/wp-content\/uploads\/2019\/12\/bike-1836962_640.jpg?resize=640%2C360&#038;ssl=1\" alt=\"\" class=\"wp-image-310 size-full\" srcset=\"https:\/\/i0.wp.com\/desguacedemotos.info\/wp-content\/uploads\/2019\/12\/bike-1836962_640.jpg?w=640&amp;ssl=1 640w, https:\/\/i0.wp.com\/desguacedemotos.info\/wp-content\/uploads\/2019\/12\/bike-1836962_640.jpg?resize=600%2C338&amp;ssl=1 600w, https:\/\/i0.wp.com\/desguacedemotos.info\/wp-content\/uploads\/2019\/12\/bike-1836962_640.jpg?resize=300%2C169&amp;ssl=1 300w, https:\/\/i0.wp.com\/desguacedemotos.info\/wp-content\/uploads\/2019\/12\/bike-1836962_640.jpg?resize=175%2C98&amp;ssl=1 175w, https:\/\/i0.wp.com\/desguacedemotos.info\/wp-content\/uploads\/2019\/12\/bike-1836962_640.jpg?resize=170%2C96&amp;ssl=1 170w\" sizes=\"(max-width: 640px) 100vw, 640px\" data-recalc-dims=\"1\" \/><\/figure><div class=\"wp-block-media-text__content\">\n<ul><li><strong>M\u00e1xima seriedad y profesionalidad.<\/strong><\/li><li><strong>Nos encargamos de toda la tramitaci\u00f3n de la documentaci\u00f3n para que no te preocupes de nada.<\/strong><\/li><li><strong>Recogemos a nivel nacional. Recogidas Express en Madrid, Toledo y cercan\u00edas.<\/strong><\/li><\/ul>\n\n\n\n<p><\/p>\n\n\n\n<h1 class=\"has-text-align-center wp-block-heading\">Ll\u00e1manos al telefono<br> 615 213 587<\/h1>\n<\/div><\/div>\n\n\n\n<h1 class=\"has-text-align-center wp-block-heading\"><br><\/h1>\n\n\n\n<p><\/p>\n","protected":false},"excerpt":{"rendered":"<p>M\u00e1xima seriedad y profesionalidad. Nos encargamos de toda la tramitaci\u00f3n de la documentaci\u00f3n para que no te preocupes de nada. Recogemos a nivel nacional. Recogidas Express en Madrid, Toledo y cercan\u00edas. Ll\u00e1manos al telefono 615 213 587<\/p>\n","protected":false},"author":1,"featured_media":0,"parent":0,"menu_order":0,"comment_status":"closed","ping_status":"closed","template":"elementor_theme","meta":{"neve_meta_sidebar":"","neve_meta_container":"","neve_meta_enable_content_width":"","neve_meta_content_width":0,"neve_meta_title_alignment":"","neve_meta_author_avatar":"","neve_post_elements_order":"","neve_meta_disable_header":"","neve_meta_disable_footer":"","neve_meta_disable_title":"","_ti_tpc_template_sync":false,"_ti_tpc_template_id":"","_joinchat":[]},"_links":{"self":[{"href":"https:\/\/desguacedemotos.info\/index.php\/wp-json\/wp\/v2\/pages\/84"}],"collection":[{"href":"https:\/\/desguacedemotos.info\/index.php\/wp-json\/wp\/v2\/pages"}],"about":[{"href":"https:\/\/desguacedemotos.info\/index.php\/wp-json\/wp\/v2\/types\/page"}],"author":[{"embeddable":true,"href":"https:\/\/desguacedemotos.info\/index.php\/wp-json\/wp\/v2\/users\/1"}],"replies":[{"embeddable":true,"href":"https:\/\/desguacedemotos.info\/index.php\/wp-json\/wp\/v2\/comments?post=84"}],"version-history":[{"count":31,"href":"https:\/\/desguacedemotos.info\/index.php\/wp-json\/wp\/v2\/pages\/84\/revisions"}],"predecessor-version":[{"id":17477,"href":"https:\/\/desguacedemotos.info\/index.php\/wp-json\/wp\/v2\/pages\/84\/revisions\/17477"}],"wp:attachment":[{"href":"https:\/\/desguacedemotos.info\/index.php\/wp-json\/wp\/v2\/media?parent=84"}],"curies":[{"name":"wp","href":"https:\/\/api.w.org\/{rel}","templated":true}]}}