{"id":12430,"date":"2021-04-07T21:39:30","date_gmt":"2021-04-07T21:39:30","guid":{"rendered":"http:\/\/desguacedemotos.info\/index.php\/producto\/despiece-daelim-roadwin-125cc-2016\/"},"modified":"2021-04-07T21:39:30","modified_gmt":"2021-04-07T21:39:30","slug":"despiece-daelim-roadwin-125cc-2016","status":"publish","type":"product","link":"https:\/\/desguacedemotos.info\/index.php\/producto\/despiece-daelim-roadwin-125cc-2016\/","title":{"rendered":"despiece Daelim roadwin 125cc 2016"},"content":{"rendered":"<p>Disponemos de todo absolutamente motor por piezas chasis documentado en regla con itv horquilla marcador centralita pl\u00e1sticos llantas ( neum\u00e1ticos gastados) Injection&#8230; Todo ok, entregas en mano. O env\u00edamos a toda espa\u00f1a, moto recambios vidan 615213587<\/p>\n","protected":false},"excerpt":{"rendered":"<p>Disponemos de todo absolutamente motor por piezas chasis documentado en regla con itv horquilla marcador centralita pl\u00e1sticos llantas ( neum\u00e1ticos gastados) Injection&#8230; Todo ok, entregas en mano. O env\u00edamos a toda espa\u00f1a, moto recambios vidan 615213587<\/p>\n","protected":false},"featured_media":1390,"template":"","meta":{"neve_meta_sidebar":"","neve_meta_container":"","neve_meta_enable_content_width":"","neve_meta_content_width":0,"neve_meta_title_alignment":"","neve_meta_author_avatar":"","neve_post_elements_order":"","neve_meta_disable_header":"","neve_meta_disable_footer":"","neve_meta_disable_title":"","_ti_tpc_template_sync":false,"_ti_tpc_template_id":"","_joinchat":[]},"product_cat":[1233],"product_tag":[],"_links":{"self":[{"href":"https:\/\/desguacedemotos.info\/index.php\/wp-json\/wp\/v2\/product\/12430"}],"collection":[{"href":"https:\/\/desguacedemotos.info\/index.php\/wp-json\/wp\/v2\/product"}],"about":[{"href":"https:\/\/desguacedemotos.info\/index.php\/wp-json\/wp\/v2\/types\/product"}],"version-history":[{"count":0,"href":"https:\/\/desguacedemotos.info\/index.php\/wp-json\/wp\/v2\/product\/12430\/revisions"}],"wp:featuredmedia":[{"embeddable":true,"href":"https:\/\/desguacedemotos.info\/index.php\/wp-json\/wp\/v2\/media\/1390"}],"wp:attachment":[{"href":"https:\/\/desguacedemotos.info\/index.php\/wp-json\/wp\/v2\/media?parent=12430"}],"wp:term":[{"taxonomy":"product_cat","embeddable":true,"href":"https:\/\/desguacedemotos.info\/index.php\/wp-json\/wp\/v2\/product_cat?post=12430"},{"taxonomy":"product_tag","embeddable":true,"href":"https:\/\/desguacedemotos.info\/index.php\/wp-json\/wp\/v2\/product_tag?post=12430"}],"curies":[{"name":"wp","href":"https:\/\/api.w.org\/{rel}","templated":true}]}}