{"id":12445,"date":"2021-04-07T21:39:33","date_gmt":"2021-04-07T21:39:33","guid":{"rendered":"http:\/\/desguacedemotos.info\/index.php\/producto\/motor-daelim-roadwin-125\/"},"modified":"2021-04-07T21:39:33","modified_gmt":"2021-04-07T21:39:33","slug":"motor-daelim-roadwin-125","status":"publish","type":"product","link":"https:\/\/desguacedemotos.info\/index.php\/producto\/motor-daelim-roadwin-125\/","title":{"rendered":"MOTOR DAELIM ROADWIN 125"},"content":{"rendered":"<p>Modelo de carburaci\u00f3n, se encuentra en perfectas condiciones d modelo de carburaci\u00f3n se encuentra en buenas condiciones excepto la tercera marcha e cilindro pist\u00f3n culata viela cigue\u00f1al etc. . \u00fanico fallo caja de cambios la tercera marcha, se vende completo o por piezas, \u00e1rbol de levas vendido. Recambio usado, entrega en mano o env\u00edo a toda Espa\u00f1a. Llamenos de lunes a viernes de 10 a 20 y s\u00e1bados de 10 a 14.<\/p>\n","protected":false},"excerpt":{"rendered":"<p>Modelo de carburaci\u00f3n, se encuentra en perfectas condiciones d modelo de carburaci\u00f3n se encuentra en buenas condiciones excepto la tercera marcha e cilindro pist\u00f3n culata viela cigue\u00f1al etc. . \u00fanico fallo caja de cambios la tercera marcha, se vende completo o por piezas, \u00e1rbol de levas vendido. Recambio usado, entrega en mano o env\u00edo a&hellip;&nbsp;<a href=\"https:\/\/desguacedemotos.info\/index.php\/producto\/motor-daelim-roadwin-125\/\" class=\"\" rel=\"bookmark\">Leer m\u00e1s &raquo;<span class=\"screen-reader-text\">MOTOR DAELIM ROADWIN 125<\/span><\/a><\/p>\n","protected":false},"featured_media":1981,"template":"","meta":{"neve_meta_sidebar":"","neve_meta_container":"","neve_meta_enable_content_width":"","neve_meta_content_width":0,"neve_meta_title_alignment":"","neve_meta_author_avatar":"","neve_post_elements_order":"","neve_meta_disable_header":"","neve_meta_disable_footer":"","neve_meta_disable_title":"","_ti_tpc_template_sync":false,"_ti_tpc_template_id":"","_joinchat":[]},"product_cat":[1233],"product_tag":[],"_links":{"self":[{"href":"https:\/\/desguacedemotos.info\/index.php\/wp-json\/wp\/v2\/product\/12445"}],"collection":[{"href":"https:\/\/desguacedemotos.info\/index.php\/wp-json\/wp\/v2\/product"}],"about":[{"href":"https:\/\/desguacedemotos.info\/index.php\/wp-json\/wp\/v2\/types\/product"}],"version-history":[{"count":0,"href":"https:\/\/desguacedemotos.info\/index.php\/wp-json\/wp\/v2\/product\/12445\/revisions"}],"wp:featuredmedia":[{"embeddable":true,"href":"https:\/\/desguacedemotos.info\/index.php\/wp-json\/wp\/v2\/media\/1981"}],"wp:attachment":[{"href":"https:\/\/desguacedemotos.info\/index.php\/wp-json\/wp\/v2\/media?parent=12445"}],"wp:term":[{"taxonomy":"product_cat","embeddable":true,"href":"https:\/\/desguacedemotos.info\/index.php\/wp-json\/wp\/v2\/product_cat?post=12445"},{"taxonomy":"product_tag","embeddable":true,"href":"https:\/\/desguacedemotos.info\/index.php\/wp-json\/wp\/v2\/product_tag?post=12445"}],"curies":[{"name":"wp","href":"https:\/\/api.w.org\/{rel}","templated":true}]}}