{"id":12483,"date":"2021-04-07T21:39:39","date_gmt":"2021-04-07T21:39:39","guid":{"rendered":"http:\/\/desguacedemotos.info\/index.php\/producto\/despiece-daelim-roadwin\/"},"modified":"2021-04-07T21:39:39","modified_gmt":"2021-04-07T21:39:39","slug":"despiece-daelim-roadwin","status":"publish","type":"product","link":"https:\/\/desguacedemotos.info\/index.php\/producto\/despiece-daelim-roadwin\/","title":{"rendered":"DESPIECE DAELIM ROADWIN"},"content":{"rendered":"<p>Dispongo de las piezas que salen en las fotos freno delantero completo 50 \u20ac regulador de corriente 20 \u20ac caballete central 30 \u20ac semimanillares con mando de luces cada uno 25 \u20ac cuerpo de mariposa 40 \u20ac colin trasero 30 \u20ac soportes pasajero 20 \u20ac unidad. Recambio usado, entrega en mano o env\u00edo a toda Espa\u00f1a. Llamenos de lunes a viernes de 10 a 20 y s\u00e1bados de 10 a 14.<\/p>\n","protected":false},"excerpt":{"rendered":"<p>Dispongo de las piezas que salen en las fotos freno delantero completo 50 \u20ac regulador de corriente 20 \u20ac caballete central 30 \u20ac semimanillares con mando de luces cada uno 25 \u20ac cuerpo de mariposa 40 \u20ac colin trasero 30 \u20ac soportes pasajero 20 \u20ac unidad. Recambio usado, entrega en mano o env\u00edo a toda&hellip;&nbsp;<a href=\"https:\/\/desguacedemotos.info\/index.php\/producto\/despiece-daelim-roadwin\/\" class=\"\" rel=\"bookmark\">Leer m\u00e1s &raquo;<span class=\"screen-reader-text\">DESPIECE DAELIM ROADWIN<\/span><\/a><\/p>\n","protected":false},"featured_media":2893,"template":"","meta":{"neve_meta_sidebar":"","neve_meta_container":"","neve_meta_enable_content_width":"","neve_meta_content_width":0,"neve_meta_title_alignment":"","neve_meta_author_avatar":"","neve_post_elements_order":"","neve_meta_disable_header":"","neve_meta_disable_footer":"","neve_meta_disable_title":"","_ti_tpc_template_sync":false,"_ti_tpc_template_id":"","_joinchat":[]},"product_cat":[1233],"product_tag":[],"_links":{"self":[{"href":"https:\/\/desguacedemotos.info\/index.php\/wp-json\/wp\/v2\/product\/12483"}],"collection":[{"href":"https:\/\/desguacedemotos.info\/index.php\/wp-json\/wp\/v2\/product"}],"about":[{"href":"https:\/\/desguacedemotos.info\/index.php\/wp-json\/wp\/v2\/types\/product"}],"version-history":[{"count":0,"href":"https:\/\/desguacedemotos.info\/index.php\/wp-json\/wp\/v2\/product\/12483\/revisions"}],"wp:featuredmedia":[{"embeddable":true,"href":"https:\/\/desguacedemotos.info\/index.php\/wp-json\/wp\/v2\/media\/2893"}],"wp:attachment":[{"href":"https:\/\/desguacedemotos.info\/index.php\/wp-json\/wp\/v2\/media?parent=12483"}],"wp:term":[{"taxonomy":"product_cat","embeddable":true,"href":"https:\/\/desguacedemotos.info\/index.php\/wp-json\/wp\/v2\/product_cat?post=12483"},{"taxonomy":"product_tag","embeddable":true,"href":"https:\/\/desguacedemotos.info\/index.php\/wp-json\/wp\/v2\/product_tag?post=12483"}],"curies":[{"name":"wp","href":"https:\/\/api.w.org\/{rel}","templated":true}]}}