{"id":12678,"date":"2021-04-07T21:48:34","date_gmt":"2021-04-07T21:48:34","guid":{"rendered":"http:\/\/desguacedemotos.info\/index.php\/producto\/ruedas-derbi-senda-extreme-2006-50cc\/"},"modified":"2021-04-07T21:48:34","modified_gmt":"2021-04-07T21:48:34","slug":"ruedas-derbi-senda-extreme-2006-50cc","status":"publish","type":"product","link":"https:\/\/desguacedemotos.info\/index.php\/producto\/ruedas-derbi-senda-extreme-2006-50cc\/","title":{"rendered":"RUEDAS DERBI SENDA EXTREME 2006 50CC"},"content":{"rendered":"<p>Ruedas en buen estado derbi senda extreme 50 a\u00f1o 2006, delantera 40 euros traer\u00e1 50, gomas gastadas, llantas perfecto estado. Recambio usado, entrega en mano o env\u00edo a toda Espa\u00f1a. Llamenos de lunes a viernes de 10 a 20 y s\u00e1bados de 10 a 14.<\/p>\n","protected":false},"excerpt":{"rendered":"<p>Ruedas en buen estado derbi senda extreme 50 a\u00f1o 2006, delantera 40 euros traer\u00e1 50, gomas gastadas, llantas perfecto estado. Recambio usado, entrega en mano o env\u00edo a toda Espa\u00f1a. Llamenos de lunes a viernes de 10 a 20 y s\u00e1bados de 10 a 14.<\/p>\n","protected":false},"featured_media":7114,"template":"","meta":{"neve_meta_sidebar":"","neve_meta_container":"","neve_meta_enable_content_width":"","neve_meta_content_width":0,"neve_meta_title_alignment":"","neve_meta_author_avatar":"","neve_post_elements_order":"","neve_meta_disable_header":"","neve_meta_disable_footer":"","neve_meta_disable_title":"","_ti_tpc_template_sync":false,"_ti_tpc_template_id":"","_joinchat":[]},"product_cat":[1243],"product_tag":[],"_links":{"self":[{"href":"https:\/\/desguacedemotos.info\/index.php\/wp-json\/wp\/v2\/product\/12678"}],"collection":[{"href":"https:\/\/desguacedemotos.info\/index.php\/wp-json\/wp\/v2\/product"}],"about":[{"href":"https:\/\/desguacedemotos.info\/index.php\/wp-json\/wp\/v2\/types\/product"}],"version-history":[{"count":0,"href":"https:\/\/desguacedemotos.info\/index.php\/wp-json\/wp\/v2\/product\/12678\/revisions"}],"wp:featuredmedia":[{"embeddable":true,"href":"https:\/\/desguacedemotos.info\/index.php\/wp-json\/wp\/v2\/media\/7114"}],"wp:attachment":[{"href":"https:\/\/desguacedemotos.info\/index.php\/wp-json\/wp\/v2\/media?parent=12678"}],"wp:term":[{"taxonomy":"product_cat","embeddable":true,"href":"https:\/\/desguacedemotos.info\/index.php\/wp-json\/wp\/v2\/product_cat?post=12678"},{"taxonomy":"product_tag","embeddable":true,"href":"https:\/\/desguacedemotos.info\/index.php\/wp-json\/wp\/v2\/product_tag?post=12678"}],"curies":[{"name":"wp","href":"https:\/\/api.w.org\/{rel}","templated":true}]}}