{"id":13213,"date":"2021-04-07T22:01:22","date_gmt":"2021-04-07T22:01:22","guid":{"rendered":"http:\/\/desguacedemotos.info\/index.php\/producto\/despiece-hyosung-comet-125\/"},"modified":"2021-04-07T22:01:22","modified_gmt":"2021-04-07T22:01:22","slug":"despiece-hyosung-comet-125","status":"publish","type":"product","link":"https:\/\/desguacedemotos.info\/index.php\/producto\/despiece-hyosung-comet-125\/","title":{"rendered":"despiece hyosung comet 125"},"content":{"rendered":"<p>NO SE VENDEN MANETAS SILENBLOQUS Y PEQUE\u00d1ECES SEMEJANTES .disponemos de despiece completo de esta moto tubo de escape original en buen estado horquilla ruedas con neum\u00e1ticos pr\u00e1cticamente a estrenar marcadores faro dep\u00f3sito con un golpecito lado izquierdo sillones en perfecto estado colin trasero basculante motor por piezas carburadores no disponibles taxis dado de baja definitiva resto de piezas preguntar moto recambios Vid\u00e1n entregas en mano o env\u00edo a toda Espa\u00f1a 615213587.<\/p>\n","protected":false},"excerpt":{"rendered":"<p>NO SE VENDEN MANETAS SILENBLOQUS Y PEQUE\u00d1ECES SEMEJANTES .disponemos de despiece completo de esta moto tubo de escape original en buen estado horquilla ruedas con neum\u00e1ticos pr\u00e1cticamente a estrenar marcadores faro dep\u00f3sito con un golpecito lado izquierdo sillones en perfecto estado colin trasero basculante motor por piezas carburadores no disponibles taxis dado de baja definitiva&hellip;&nbsp;<a href=\"https:\/\/desguacedemotos.info\/index.php\/producto\/despiece-hyosung-comet-125\/\" class=\"\" rel=\"bookmark\">Leer m\u00e1s &raquo;<span class=\"screen-reader-text\">despiece hyosung comet 125<\/span><\/a><\/p>\n","protected":false},"featured_media":8264,"template":"","meta":{"neve_meta_sidebar":"","neve_meta_container":"","neve_meta_enable_content_width":"","neve_meta_content_width":0,"neve_meta_title_alignment":"","neve_meta_author_avatar":"","neve_post_elements_order":"","neve_meta_disable_header":"","neve_meta_disable_footer":"","neve_meta_disable_title":"","_ti_tpc_template_sync":false,"_ti_tpc_template_id":"","_joinchat":[]},"product_cat":[1309],"product_tag":[],"_links":{"self":[{"href":"https:\/\/desguacedemotos.info\/index.php\/wp-json\/wp\/v2\/product\/13213"}],"collection":[{"href":"https:\/\/desguacedemotos.info\/index.php\/wp-json\/wp\/v2\/product"}],"about":[{"href":"https:\/\/desguacedemotos.info\/index.php\/wp-json\/wp\/v2\/types\/product"}],"version-history":[{"count":0,"href":"https:\/\/desguacedemotos.info\/index.php\/wp-json\/wp\/v2\/product\/13213\/revisions"}],"wp:featuredmedia":[{"embeddable":true,"href":"https:\/\/desguacedemotos.info\/index.php\/wp-json\/wp\/v2\/media\/8264"}],"wp:attachment":[{"href":"https:\/\/desguacedemotos.info\/index.php\/wp-json\/wp\/v2\/media?parent=13213"}],"wp:term":[{"taxonomy":"product_cat","embeddable":true,"href":"https:\/\/desguacedemotos.info\/index.php\/wp-json\/wp\/v2\/product_cat?post=13213"},{"taxonomy":"product_tag","embeddable":true,"href":"https:\/\/desguacedemotos.info\/index.php\/wp-json\/wp\/v2\/product_tag?post=13213"}],"curies":[{"name":"wp","href":"https:\/\/api.w.org\/{rel}","templated":true}]}}