{"id":13332,"date":"2021-04-07T22:03:38","date_gmt":"2021-04-07T22:03:38","guid":{"rendered":"http:\/\/desguacedemotos.info\/index.php\/producto\/despiece-kawasaki-ninja-250r\/"},"modified":"2021-04-07T22:03:38","modified_gmt":"2021-04-07T22:03:38","slug":"despiece-kawasaki-ninja-250r","status":"publish","type":"product","link":"https:\/\/desguacedemotos.info\/index.php\/producto\/despiece-kawasaki-ninja-250r\/","title":{"rendered":"DESPIECE KAWASAKI NINJA 250R"},"content":{"rendered":"<p>Despiece completo de esta moto con 6000 km demostrables con documentaci\u00f3n en regla e ITV en vigor a\u00f1o 2009 chasis 400 \u20ac motor en perfect\u00edsimo estado 600 \u20ac estriberas traseras 30 \u20ac unidad estribera delantera derecha 50 \u20ac rueda delantera sin disco de freno 100 \u20ac disco de freno delantero y trasero 40 \u20ac unidad rueda trasera 120 \u20ac sonda lambda 50 \u20ac tapas peque\u00f1as laterales 30 \u20ac unidad. Recambio usado, entrega en mano o env\u00edo a toda Espa\u00f1a. Llamenos de lunes a viernes de 10 a 20 y s\u00e1bados de 10 a 14.<\/p>\n","protected":false},"excerpt":{"rendered":"<p>Despiece completo de esta moto con 6000 km demostrables con documentaci\u00f3n en regla e ITV en vigor a\u00f1o 2009 chasis 400 \u20ac motor en perfect\u00edsimo estado 600 \u20ac estriberas traseras 30 \u20ac unidad estribera delantera derecha 50 \u20ac rueda delantera sin disco de freno 100 \u20ac disco de freno delantero y trasero 40 \u20ac unidad&hellip;&nbsp;<a href=\"https:\/\/desguacedemotos.info\/index.php\/producto\/despiece-kawasaki-ninja-250r\/\" class=\"\" rel=\"bookmark\">Leer m\u00e1s &raquo;<span class=\"screen-reader-text\">DESPIECE KAWASAKI NINJA 250R<\/span><\/a><\/p>\n","protected":false},"featured_media":2243,"template":"","meta":{"neve_meta_sidebar":"","neve_meta_container":"","neve_meta_enable_content_width":"","neve_meta_content_width":0,"neve_meta_title_alignment":"","neve_meta_author_avatar":"","neve_post_elements_order":"","neve_meta_disable_header":"","neve_meta_disable_footer":"","neve_meta_disable_title":"","_ti_tpc_template_sync":false,"_ti_tpc_template_id":"","_joinchat":[]},"product_cat":[1325],"product_tag":[],"_links":{"self":[{"href":"https:\/\/desguacedemotos.info\/index.php\/wp-json\/wp\/v2\/product\/13332"}],"collection":[{"href":"https:\/\/desguacedemotos.info\/index.php\/wp-json\/wp\/v2\/product"}],"about":[{"href":"https:\/\/desguacedemotos.info\/index.php\/wp-json\/wp\/v2\/types\/product"}],"version-history":[{"count":0,"href":"https:\/\/desguacedemotos.info\/index.php\/wp-json\/wp\/v2\/product\/13332\/revisions"}],"wp:featuredmedia":[{"embeddable":true,"href":"https:\/\/desguacedemotos.info\/index.php\/wp-json\/wp\/v2\/media\/2243"}],"wp:attachment":[{"href":"https:\/\/desguacedemotos.info\/index.php\/wp-json\/wp\/v2\/media?parent=13332"}],"wp:term":[{"taxonomy":"product_cat","embeddable":true,"href":"https:\/\/desguacedemotos.info\/index.php\/wp-json\/wp\/v2\/product_cat?post=13332"},{"taxonomy":"product_tag","embeddable":true,"href":"https:\/\/desguacedemotos.info\/index.php\/wp-json\/wp\/v2\/product_tag?post=13332"}],"curies":[{"name":"wp","href":"https:\/\/api.w.org\/{rel}","templated":true}]}}