{"id":13521,"date":"2021-04-07T22:04:16","date_gmt":"2021-04-07T22:04:16","guid":{"rendered":"http:\/\/desguacedemotos.info\/index.php\/producto\/despiece-kawasaki-ninja-250r-2\/"},"modified":"2021-04-07T22:04:16","modified_gmt":"2021-04-07T22:04:16","slug":"despiece-kawasaki-ninja-250r-2","status":"publish","type":"product","link":"https:\/\/desguacedemotos.info\/index.php\/producto\/despiece-kawasaki-ninja-250r-2\/","title":{"rendered":"DESPIECE KAWASAKI NINJA 250R"},"content":{"rendered":"<p>Todo en perfectas condiciones entrega en mano o env\u00edo a toda Espa\u00f1a pl\u00e1stico lateral derecho 150 \u20ac dep\u00f3sito 200 \u20ac bomba de gasolina 100 \u20ac colin trasero 70 \u20ac relojes 100 \u20ac tubo de escape original 150 \u20ac tapa pi\u00f1\u00f3n de ataque 40 \u20ac. Recambio usado, entrega en mano o env\u00edo a toda Espa\u00f1a. Llamenos de lunes a viernes de 10 a 20 y s\u00e1bados de 10 a 14.<\/p>\n","protected":false},"excerpt":{"rendered":"<p>Todo en perfectas condiciones entrega en mano o env\u00edo a toda Espa\u00f1a pl\u00e1stico lateral derecho 150 \u20ac dep\u00f3sito 200 \u20ac bomba de gasolina 100 \u20ac colin trasero 70 \u20ac relojes 100 \u20ac tubo de escape original 150 \u20ac tapa pi\u00f1\u00f3n de ataque 40 \u20ac. Recambio usado, entrega en mano o env\u00edo a toda Espa\u00f1a. Llamenos&hellip;&nbsp;<a href=\"https:\/\/desguacedemotos.info\/index.php\/producto\/despiece-kawasaki-ninja-250r-2\/\" class=\"\" rel=\"bookmark\">Leer m\u00e1s &raquo;<span class=\"screen-reader-text\">DESPIECE KAWASAKI NINJA 250R<\/span><\/a><\/p>\n","protected":false},"featured_media":7228,"template":"","meta":{"neve_meta_sidebar":"","neve_meta_container":"","neve_meta_enable_content_width":"","neve_meta_content_width":0,"neve_meta_title_alignment":"","neve_meta_author_avatar":"","neve_post_elements_order":"","neve_meta_disable_header":"","neve_meta_disable_footer":"","neve_meta_disable_title":"","_ti_tpc_template_sync":false,"_ti_tpc_template_id":"","_joinchat":[]},"product_cat":[1325],"product_tag":[],"_links":{"self":[{"href":"https:\/\/desguacedemotos.info\/index.php\/wp-json\/wp\/v2\/product\/13521"}],"collection":[{"href":"https:\/\/desguacedemotos.info\/index.php\/wp-json\/wp\/v2\/product"}],"about":[{"href":"https:\/\/desguacedemotos.info\/index.php\/wp-json\/wp\/v2\/types\/product"}],"version-history":[{"count":0,"href":"https:\/\/desguacedemotos.info\/index.php\/wp-json\/wp\/v2\/product\/13521\/revisions"}],"wp:featuredmedia":[{"embeddable":true,"href":"https:\/\/desguacedemotos.info\/index.php\/wp-json\/wp\/v2\/media\/7228"}],"wp:attachment":[{"href":"https:\/\/desguacedemotos.info\/index.php\/wp-json\/wp\/v2\/media?parent=13521"}],"wp:term":[{"taxonomy":"product_cat","embeddable":true,"href":"https:\/\/desguacedemotos.info\/index.php\/wp-json\/wp\/v2\/product_cat?post=13521"},{"taxonomy":"product_tag","embeddable":true,"href":"https:\/\/desguacedemotos.info\/index.php\/wp-json\/wp\/v2\/product_tag?post=13521"}],"curies":[{"name":"wp","href":"https:\/\/api.w.org\/{rel}","templated":true}]}}