{"id":13769,"date":"2021-04-07T22:08:40","date_gmt":"2021-04-07T22:08:40","guid":{"rendered":"http:\/\/desguacedemotos.info\/index.php\/producto\/despiece-de-kymco-venox\/"},"modified":"2021-04-07T22:08:40","modified_gmt":"2021-04-07T22:08:40","slug":"despiece-de-kymco-venox","status":"publish","type":"product","link":"https:\/\/desguacedemotos.info\/index.php\/producto\/despiece-de-kymco-venox\/","title":{"rendered":"DESPIECE DE KYMCO VENOX"},"content":{"rendered":"<p>Dispongo de las piezas que salen en el anuncio tija superior 30 \u20ac kit de cerraduras 40 \u20ac ca\u00f1a de acelerador con mando de luces 20 \u20ac regulador de corriente 30 \u20ac tapa pi\u00f1on cromada 25 \u20ac motor de arranque 40 \u20ac piloto trasero 20 \u20ac. Recambio usado, entrega en mano o env\u00edo a toda Espa\u00f1a. Llamenos de lunes a viernes de 10 a 20 y s\u00e1bados de 10 a 14.<\/p>\n","protected":false},"excerpt":{"rendered":"<p>Dispongo de las piezas que salen en el anuncio tija superior 30 \u20ac kit de cerraduras 40 \u20ac ca\u00f1a de acelerador con mando de luces 20 \u20ac regulador de corriente 30 \u20ac tapa pi\u00f1on cromada 25 \u20ac motor de arranque 40 \u20ac piloto trasero 20 \u20ac. Recambio usado, entrega en mano o env\u00edo a toda&hellip;&nbsp;<a href=\"https:\/\/desguacedemotos.info\/index.php\/producto\/despiece-de-kymco-venox\/\" class=\"\" rel=\"bookmark\">Leer m\u00e1s &raquo;<span class=\"screen-reader-text\">DESPIECE DE KYMCO VENOX<\/span><\/a><\/p>\n","protected":false},"featured_media":3487,"template":"","meta":{"neve_meta_sidebar":"","neve_meta_container":"","neve_meta_enable_content_width":"","neve_meta_content_width":0,"neve_meta_title_alignment":"","neve_meta_author_avatar":"","neve_post_elements_order":"","neve_meta_disable_header":"","neve_meta_disable_footer":"","neve_meta_disable_title":"","_ti_tpc_template_sync":false,"_ti_tpc_template_id":"","_joinchat":[]},"product_cat":[1350],"product_tag":[],"_links":{"self":[{"href":"https:\/\/desguacedemotos.info\/index.php\/wp-json\/wp\/v2\/product\/13769"}],"collection":[{"href":"https:\/\/desguacedemotos.info\/index.php\/wp-json\/wp\/v2\/product"}],"about":[{"href":"https:\/\/desguacedemotos.info\/index.php\/wp-json\/wp\/v2\/types\/product"}],"version-history":[{"count":0,"href":"https:\/\/desguacedemotos.info\/index.php\/wp-json\/wp\/v2\/product\/13769\/revisions"}],"wp:featuredmedia":[{"embeddable":true,"href":"https:\/\/desguacedemotos.info\/index.php\/wp-json\/wp\/v2\/media\/3487"}],"wp:attachment":[{"href":"https:\/\/desguacedemotos.info\/index.php\/wp-json\/wp\/v2\/media?parent=13769"}],"wp:term":[{"taxonomy":"product_cat","embeddable":true,"href":"https:\/\/desguacedemotos.info\/index.php\/wp-json\/wp\/v2\/product_cat?post=13769"},{"taxonomy":"product_tag","embeddable":true,"href":"https:\/\/desguacedemotos.info\/index.php\/wp-json\/wp\/v2\/product_tag?post=13769"}],"curies":[{"name":"wp","href":"https:\/\/api.w.org\/{rel}","templated":true}]}}