{"id":13872,"date":"2021-04-07T22:09:00","date_gmt":"2021-04-07T22:09:00","guid":{"rendered":"http:\/\/desguacedemotos.info\/index.php\/producto\/motor-kymco-50-cc-scooter\/"},"modified":"2021-04-07T22:09:00","modified_gmt":"2021-04-07T22:09:00","slug":"motor-kymco-50-cc-scooter","status":"publish","type":"product","link":"https:\/\/desguacedemotos.info\/index.php\/producto\/motor-kymco-50-cc-scooter\/","title":{"rendered":"MOTOR KYMCO 50 CC SCOOTER"},"content":{"rendered":"<p>Motor completo en buenas condiciones de kymco agility , vivacity y mas modelos. . , motor completo 120 euros , rueda 30 , escape 40 , amortiguador 20, carburador 30, todo junto 180. Recambio usado, entrega en mano o env\u00edo a toda Espa\u00f1a. Llamenos de lunes a viernes de 10 a 20 y s\u00e1bados de 10 a 14.<\/p>\n","protected":false},"excerpt":{"rendered":"<p>Motor completo en buenas condiciones de kymco agility , vivacity y mas modelos. . , motor completo 120 euros , rueda 30 , escape 40 , amortiguador 20, carburador 30, todo junto 180. Recambio usado, entrega en mano o env\u00edo a toda Espa\u00f1a. Llamenos de lunes a viernes de 10 a 20 y s\u00e1bados de&hellip;&nbsp;<a href=\"https:\/\/desguacedemotos.info\/index.php\/producto\/motor-kymco-50-cc-scooter\/\" class=\"\" rel=\"bookmark\">Leer m\u00e1s &raquo;<span class=\"screen-reader-text\">MOTOR KYMCO 50 CC SCOOTER<\/span><\/a><\/p>\n","protected":false},"featured_media":5573,"template":"","meta":{"neve_meta_sidebar":"","neve_meta_container":"","neve_meta_enable_content_width":"","neve_meta_content_width":0,"neve_meta_title_alignment":"","neve_meta_author_avatar":"","neve_post_elements_order":"","neve_meta_disable_header":"","neve_meta_disable_footer":"","neve_meta_disable_title":"","_ti_tpc_template_sync":false,"_ti_tpc_template_id":"","_joinchat":[]},"product_cat":[1376],"product_tag":[],"_links":{"self":[{"href":"https:\/\/desguacedemotos.info\/index.php\/wp-json\/wp\/v2\/product\/13872"}],"collection":[{"href":"https:\/\/desguacedemotos.info\/index.php\/wp-json\/wp\/v2\/product"}],"about":[{"href":"https:\/\/desguacedemotos.info\/index.php\/wp-json\/wp\/v2\/types\/product"}],"version-history":[{"count":0,"href":"https:\/\/desguacedemotos.info\/index.php\/wp-json\/wp\/v2\/product\/13872\/revisions"}],"wp:featuredmedia":[{"embeddable":true,"href":"https:\/\/desguacedemotos.info\/index.php\/wp-json\/wp\/v2\/media\/5573"}],"wp:attachment":[{"href":"https:\/\/desguacedemotos.info\/index.php\/wp-json\/wp\/v2\/media?parent=13872"}],"wp:term":[{"taxonomy":"product_cat","embeddable":true,"href":"https:\/\/desguacedemotos.info\/index.php\/wp-json\/wp\/v2\/product_cat?post=13872"},{"taxonomy":"product_tag","embeddable":true,"href":"https:\/\/desguacedemotos.info\/index.php\/wp-json\/wp\/v2\/product_tag?post=13872"}],"curies":[{"name":"wp","href":"https:\/\/api.w.org\/{rel}","templated":true}]}}