{"id":14199,"date":"2021-04-07T22:23:01","date_gmt":"2021-04-07T22:23:01","guid":{"rendered":"http:\/\/desguacedemotos.info\/index.php\/producto\/despiece-piaggio-fly-125\/"},"modified":"2021-04-07T22:23:01","modified_gmt":"2021-04-07T22:23:01","slug":"despiece-piaggio-fly-125","status":"publish","type":"product","link":"https:\/\/desguacedemotos.info\/index.php\/producto\/despiece-piaggio-fly-125\/","title":{"rendered":"DESPIECE PIAGGIO FLY 125"},"content":{"rendered":"<p>Dispongo de las piezas que se ven en las fotos, carcasa frontal superior con faro 40 \u20ac marcador con pl\u00e1stico 40 \u20ac piloto trasero 20 \u20ac regulador de corriente 20 \u20ac intermitentes 20 \u20ac la pareja CDI 50 \u20ac reenv\u00edo 20 \u20ac. Recambio usado, entrega en mano o env\u00edo a toda Espa\u00f1a. Llamenos de lunes a viernes de 10 a 20 y s\u00e1bados de 10 a 14.<\/p>\n","protected":false},"excerpt":{"rendered":"<p>Dispongo de las piezas que se ven en las fotos, carcasa frontal superior con faro 40 \u20ac marcador con pl\u00e1stico 40 \u20ac piloto trasero 20 \u20ac regulador de corriente 20 \u20ac intermitentes 20 \u20ac la pareja CDI 50 \u20ac reenv\u00edo 20 \u20ac. Recambio usado, entrega en mano o env\u00edo a toda Espa\u00f1a. Llamenos de lunes&hellip;&nbsp;<a href=\"https:\/\/desguacedemotos.info\/index.php\/producto\/despiece-piaggio-fly-125\/\" class=\"\" rel=\"bookmark\">Leer m\u00e1s &raquo;<span class=\"screen-reader-text\">DESPIECE PIAGGIO FLY 125<\/span><\/a><\/p>\n","protected":false},"featured_media":3801,"template":"","meta":{"neve_meta_sidebar":"","neve_meta_container":"","neve_meta_enable_content_width":"","neve_meta_content_width":0,"neve_meta_title_alignment":"","neve_meta_author_avatar":"","neve_post_elements_order":"","neve_meta_disable_header":"","neve_meta_disable_footer":"","neve_meta_disable_title":"","_ti_tpc_template_sync":false,"_ti_tpc_template_id":"","_joinchat":[]},"product_cat":[1419],"product_tag":[],"_links":{"self":[{"href":"https:\/\/desguacedemotos.info\/index.php\/wp-json\/wp\/v2\/product\/14199"}],"collection":[{"href":"https:\/\/desguacedemotos.info\/index.php\/wp-json\/wp\/v2\/product"}],"about":[{"href":"https:\/\/desguacedemotos.info\/index.php\/wp-json\/wp\/v2\/types\/product"}],"version-history":[{"count":0,"href":"https:\/\/desguacedemotos.info\/index.php\/wp-json\/wp\/v2\/product\/14199\/revisions"}],"wp:featuredmedia":[{"embeddable":true,"href":"https:\/\/desguacedemotos.info\/index.php\/wp-json\/wp\/v2\/media\/3801"}],"wp:attachment":[{"href":"https:\/\/desguacedemotos.info\/index.php\/wp-json\/wp\/v2\/media?parent=14199"}],"wp:term":[{"taxonomy":"product_cat","embeddable":true,"href":"https:\/\/desguacedemotos.info\/index.php\/wp-json\/wp\/v2\/product_cat?post=14199"},{"taxonomy":"product_tag","embeddable":true,"href":"https:\/\/desguacedemotos.info\/index.php\/wp-json\/wp\/v2\/product_tag?post=14199"}],"curies":[{"name":"wp","href":"https:\/\/api.w.org\/{rel}","templated":true}]}}