{"id":14217,"date":"2021-04-07T22:23:05","date_gmt":"2021-04-07T22:23:05","guid":{"rendered":"http:\/\/desguacedemotos.info\/index.php\/producto\/motor-piaggio-x9-125-despiece\/"},"modified":"2021-04-07T22:23:05","modified_gmt":"2021-04-07T22:23:05","slug":"motor-piaggio-x9-125-despiece","status":"publish","type":"product","link":"https:\/\/desguacedemotos.info\/index.php\/producto\/motor-piaggio-x9-125-despiece\/","title":{"rendered":"MOTOR PIAGGIO X9 125 DESPIECE"},"content":{"rendered":"<p>Motor entero o por piezas, suena algo mal, sin revisar pero tiene alguna aver\u00eda seguro, esta en funcionamiento. Se vende entero o por piezas. otor de arranque 50, alternador 80, embrague completo 80 variador 50 resto preguntar. Recambio usado, entrega en mano o env\u00edo a toda Espa\u00f1a. Llamenos de lunes a viernes de 10 a 20 y s\u00e1bados de 10 a 14.<\/p>\n","protected":false},"excerpt":{"rendered":"<p>Motor entero o por piezas, suena algo mal, sin revisar pero tiene alguna aver\u00eda seguro, esta en funcionamiento. Se vende entero o por piezas. otor de arranque 50, alternador 80, embrague completo 80 variador 50 resto preguntar. Recambio usado, entrega en mano o env\u00edo a toda Espa\u00f1a. Llamenos de lunes a viernes de 10 a&hellip;&nbsp;<a href=\"https:\/\/desguacedemotos.info\/index.php\/producto\/motor-piaggio-x9-125-despiece\/\" class=\"\" rel=\"bookmark\">Leer m\u00e1s &raquo;<span class=\"screen-reader-text\">MOTOR PIAGGIO X9 125 DESPIECE<\/span><\/a><\/p>\n","protected":false},"featured_media":4385,"template":"","meta":{"neve_meta_sidebar":"","neve_meta_container":"","neve_meta_enable_content_width":"","neve_meta_content_width":0,"neve_meta_title_alignment":"","neve_meta_author_avatar":"","neve_post_elements_order":"","neve_meta_disable_header":"","neve_meta_disable_footer":"","neve_meta_disable_title":"","_ti_tpc_template_sync":false,"_ti_tpc_template_id":"","_joinchat":[]},"product_cat":[1418],"product_tag":[],"_links":{"self":[{"href":"https:\/\/desguacedemotos.info\/index.php\/wp-json\/wp\/v2\/product\/14217"}],"collection":[{"href":"https:\/\/desguacedemotos.info\/index.php\/wp-json\/wp\/v2\/product"}],"about":[{"href":"https:\/\/desguacedemotos.info\/index.php\/wp-json\/wp\/v2\/types\/product"}],"version-history":[{"count":0,"href":"https:\/\/desguacedemotos.info\/index.php\/wp-json\/wp\/v2\/product\/14217\/revisions"}],"wp:featuredmedia":[{"embeddable":true,"href":"https:\/\/desguacedemotos.info\/index.php\/wp-json\/wp\/v2\/media\/4385"}],"wp:attachment":[{"href":"https:\/\/desguacedemotos.info\/index.php\/wp-json\/wp\/v2\/media?parent=14217"}],"wp:term":[{"taxonomy":"product_cat","embeddable":true,"href":"https:\/\/desguacedemotos.info\/index.php\/wp-json\/wp\/v2\/product_cat?post=14217"},{"taxonomy":"product_tag","embeddable":true,"href":"https:\/\/desguacedemotos.info\/index.php\/wp-json\/wp\/v2\/product_tag?post=14217"}],"curies":[{"name":"wp","href":"https:\/\/api.w.org\/{rel}","templated":true}]}}