{"id":14287,"date":"2021-04-07T22:23:19","date_gmt":"2021-04-07T22:23:19","guid":{"rendered":"http:\/\/desguacedemotos.info\/index.php\/producto\/piaggio-x9-evolution-125-despiece\/"},"modified":"2021-04-07T22:23:19","modified_gmt":"2021-04-07T22:23:19","slug":"piaggio-x9-evolution-125-despiece","status":"publish","type":"product","link":"https:\/\/desguacedemotos.info\/index.php\/producto\/piaggio-x9-evolution-125-despiece\/","title":{"rendered":"PIAGGIO X9 EVOLUTION 125 DESPIECE"},"content":{"rendered":"<p>Chasis dado de baja definitiva, motor en buen estado 40000 km, sill\u00f3n ruedas horquillas pl\u00e1sticos todo buen estado, los retrovisores funcionan pero n o est\u00e1n perfectos, tal y como se ve en las fotos. Recambio usado, entrega en mano o env\u00edo a toda Espa\u00f1a. Llamenos de lunes a viernes de 10 a 20 y s\u00e1bados de 10 a 14.<\/p>\n","protected":false},"excerpt":{"rendered":"<p>Chasis dado de baja definitiva, motor en buen estado 40000 km, sill\u00f3n ruedas horquillas pl\u00e1sticos todo buen estado, los retrovisores funcionan pero n o est\u00e1n perfectos, tal y como se ve en las fotos. Recambio usado, entrega en mano o env\u00edo a toda Espa\u00f1a. Llamenos de lunes a viernes de 10 a 20 y s\u00e1bados&hellip;&nbsp;<a href=\"https:\/\/desguacedemotos.info\/index.php\/producto\/piaggio-x9-evolution-125-despiece\/\" class=\"\" rel=\"bookmark\">Leer m\u00e1s &raquo;<span class=\"screen-reader-text\">PIAGGIO X9 EVOLUTION 125 DESPIECE<\/span><\/a><\/p>\n","protected":false},"featured_media":7158,"template":"","meta":{"neve_meta_sidebar":"","neve_meta_container":"","neve_meta_enable_content_width":"","neve_meta_content_width":0,"neve_meta_title_alignment":"","neve_meta_author_avatar":"","neve_post_elements_order":"","neve_meta_disable_header":"","neve_meta_disable_footer":"","neve_meta_disable_title":"","_ti_tpc_template_sync":false,"_ti_tpc_template_id":"","_joinchat":[]},"product_cat":[1418],"product_tag":[],"_links":{"self":[{"href":"https:\/\/desguacedemotos.info\/index.php\/wp-json\/wp\/v2\/product\/14287"}],"collection":[{"href":"https:\/\/desguacedemotos.info\/index.php\/wp-json\/wp\/v2\/product"}],"about":[{"href":"https:\/\/desguacedemotos.info\/index.php\/wp-json\/wp\/v2\/types\/product"}],"version-history":[{"count":0,"href":"https:\/\/desguacedemotos.info\/index.php\/wp-json\/wp\/v2\/product\/14287\/revisions"}],"wp:featuredmedia":[{"embeddable":true,"href":"https:\/\/desguacedemotos.info\/index.php\/wp-json\/wp\/v2\/media\/7158"}],"wp:attachment":[{"href":"https:\/\/desguacedemotos.info\/index.php\/wp-json\/wp\/v2\/media?parent=14287"}],"wp:term":[{"taxonomy":"product_cat","embeddable":true,"href":"https:\/\/desguacedemotos.info\/index.php\/wp-json\/wp\/v2\/product_cat?post=14287"},{"taxonomy":"product_tag","embeddable":true,"href":"https:\/\/desguacedemotos.info\/index.php\/wp-json\/wp\/v2\/product_tag?post=14287"}],"curies":[{"name":"wp","href":"https:\/\/api.w.org\/{rel}","templated":true}]}}