{"id":14386,"date":"2021-04-07T22:28:24","date_gmt":"2021-04-07T22:28:24","guid":{"rendered":"http:\/\/desguacedemotos.info\/index.php\/producto\/suzuki-burgman-125-2007-despiece\/"},"modified":"2021-04-07T22:28:24","modified_gmt":"2021-04-07T22:28:24","slug":"suzuki-burgman-125-2007-despiece","status":"publish","type":"product","link":"https:\/\/desguacedemotos.info\/index.php\/producto\/suzuki-burgman-125-2007-despiece\/","title":{"rendered":"Suzuki Burgman 125 2007 despiece"},"content":{"rendered":"<p>Plasticos de la de 2016 .se vende \u00fanicamente por piezas motor funcionando sin ningun ruido , chasis con itv hasta 2022 pl\u00e1sticos bomba de gasolina tubo de escape inyecci\u00f3n faro pilotos marcador retrovisores etc todo en buenas condiciones entregas en mano o enviamos a toda espa\u00f1a moto recambios Vid\u00e1n 61521 3587<\/p>\n","protected":false},"excerpt":{"rendered":"<p>Plasticos de la de 2016 .se vende \u00fanicamente por piezas motor funcionando sin ningun ruido , chasis con itv hasta 2022 pl\u00e1sticos bomba de gasolina tubo de escape inyecci\u00f3n faro pilotos marcador retrovisores etc todo en buenas condiciones entregas en mano o enviamos a toda espa\u00f1a moto recambios Vid\u00e1n 61521 3587<\/p>\n","protected":false},"featured_media":1727,"template":"","meta":{"neve_meta_sidebar":"","neve_meta_container":"","neve_meta_enable_content_width":"","neve_meta_content_width":0,"neve_meta_title_alignment":"","neve_meta_author_avatar":"","neve_post_elements_order":"","neve_meta_disable_header":"","neve_meta_disable_footer":"","neve_meta_disable_title":"","_ti_tpc_template_sync":false,"_ti_tpc_template_id":"","_joinchat":[]},"product_cat":[1454],"product_tag":[],"_links":{"self":[{"href":"https:\/\/desguacedemotos.info\/index.php\/wp-json\/wp\/v2\/product\/14386"}],"collection":[{"href":"https:\/\/desguacedemotos.info\/index.php\/wp-json\/wp\/v2\/product"}],"about":[{"href":"https:\/\/desguacedemotos.info\/index.php\/wp-json\/wp\/v2\/types\/product"}],"version-history":[{"count":0,"href":"https:\/\/desguacedemotos.info\/index.php\/wp-json\/wp\/v2\/product\/14386\/revisions"}],"wp:featuredmedia":[{"embeddable":true,"href":"https:\/\/desguacedemotos.info\/index.php\/wp-json\/wp\/v2\/media\/1727"}],"wp:attachment":[{"href":"https:\/\/desguacedemotos.info\/index.php\/wp-json\/wp\/v2\/media?parent=14386"}],"wp:term":[{"taxonomy":"product_cat","embeddable":true,"href":"https:\/\/desguacedemotos.info\/index.php\/wp-json\/wp\/v2\/product_cat?post=14386"},{"taxonomy":"product_tag","embeddable":true,"href":"https:\/\/desguacedemotos.info\/index.php\/wp-json\/wp\/v2\/product_tag?post=14386"}],"curies":[{"name":"wp","href":"https:\/\/api.w.org\/{rel}","templated":true}]}}