{"id":14962,"date":"2021-04-07T22:36:17","date_gmt":"2021-04-07T22:36:17","guid":{"rendered":"http:\/\/desguacedemotos.info\/index.php\/producto\/despiece-yamaha-neos-50-2\/"},"modified":"2021-04-07T22:36:17","modified_gmt":"2021-04-07T22:36:17","slug":"despiece-yamaha-neos-50-2","status":"publish","type":"product","link":"https:\/\/desguacedemotos.info\/index.php\/producto\/despiece-yamaha-neos-50-2\/","title":{"rendered":"despiece Yamaha neos 50"},"content":{"rendered":"<p>Chasis documentado en regla a\u00f1o 2001 100 \u20ac moto en buen estado 100 \u20ac carburador 30 \u20ac rueda delantera 30 \u20ac horquilla 50 \u20ac marcador 30 \u20ac portamatr\u00edculas trasero 20 \u20ac freno delantero completo 30 \u20ac bomb\u00edn con llave 30 \u20ac no dispongo de m\u00e1s recambios solo de los que enumero en el anuncio entregas en mano o env\u00edo a toda Espa\u00f1a entregas en mano o env\u00edo a toda Espa\u00f1a<\/p>\n","protected":false},"excerpt":{"rendered":"<p>Chasis documentado en regla a\u00f1o 2001 100 \u20ac moto en buen estado 100 \u20ac carburador 30 \u20ac rueda delantera 30 \u20ac horquilla 50 \u20ac marcador 30 \u20ac portamatr\u00edculas trasero 20 \u20ac freno delantero completo 30 \u20ac bomb\u00edn con llave 30 \u20ac no dispongo de m\u00e1s recambios solo de los que enumero en el anuncio entregas&hellip;&nbsp;<a href=\"https:\/\/desguacedemotos.info\/index.php\/producto\/despiece-yamaha-neos-50-2\/\" class=\"\" rel=\"bookmark\">Leer m\u00e1s &raquo;<span class=\"screen-reader-text\">despiece Yamaha neos 50<\/span><\/a><\/p>\n","protected":false},"featured_media":3055,"template":"","meta":{"neve_meta_sidebar":"","neve_meta_container":"","neve_meta_enable_content_width":"","neve_meta_content_width":0,"neve_meta_title_alignment":"","neve_meta_author_avatar":"","neve_post_elements_order":"","neve_meta_disable_header":"","neve_meta_disable_footer":"","neve_meta_disable_title":"","_ti_tpc_template_sync":false,"_ti_tpc_template_id":"","_joinchat":[]},"product_cat":[1553],"product_tag":[],"_links":{"self":[{"href":"https:\/\/desguacedemotos.info\/index.php\/wp-json\/wp\/v2\/product\/14962"}],"collection":[{"href":"https:\/\/desguacedemotos.info\/index.php\/wp-json\/wp\/v2\/product"}],"about":[{"href":"https:\/\/desguacedemotos.info\/index.php\/wp-json\/wp\/v2\/types\/product"}],"version-history":[{"count":0,"href":"https:\/\/desguacedemotos.info\/index.php\/wp-json\/wp\/v2\/product\/14962\/revisions"}],"wp:featuredmedia":[{"embeddable":true,"href":"https:\/\/desguacedemotos.info\/index.php\/wp-json\/wp\/v2\/media\/3055"}],"wp:attachment":[{"href":"https:\/\/desguacedemotos.info\/index.php\/wp-json\/wp\/v2\/media?parent=14962"}],"wp:term":[{"taxonomy":"product_cat","embeddable":true,"href":"https:\/\/desguacedemotos.info\/index.php\/wp-json\/wp\/v2\/product_cat?post=14962"},{"taxonomy":"product_tag","embeddable":true,"href":"https:\/\/desguacedemotos.info\/index.php\/wp-json\/wp\/v2\/product_tag?post=14962"}],"curies":[{"name":"wp","href":"https:\/\/api.w.org\/{rel}","templated":true}]}}