{"id":14968,"date":"2021-04-07T22:36:18","date_gmt":"2021-04-07T22:36:18","guid":{"rendered":"http:\/\/desguacedemotos.info\/index.php\/producto\/kit-plasticos-yamaha-wr-426\/"},"modified":"2021-04-08T17:31:52","modified_gmt":"2021-04-08T17:31:52","slug":"kit-plasticos-yamaha-wr-426","status":"publish","type":"product","link":"https:\/\/desguacedemotos.info\/index.php\/producto\/kit-plasticos-yamaha-wr-426\/","title":{"rendered":"KIT PL\u00c1STICOS YAMAHA WR 426"},"content":{"rendered":"<p>Por separado careta con faro 40 guardabarros trasero con piloto 40 \u20ac pl\u00e1sticos laterales 40 \u20ac guardabarros de las horquillas 30 \u20ac la pareja cachas traseras 40 \u20ac la pareja todo junto 150. Recambio usado, entrega en mano o env\u00edo a toda Espa\u00f1a. Llamenos de lunes a viernes de 10 a 20 y s\u00e1bados de 10 a 14.<\/p>\n","protected":false},"excerpt":{"rendered":"<p>Por separado careta con faro 40 guardabarros trasero con piloto 40 \u20ac pl\u00e1sticos laterales 40 \u20ac guardabarros de las horquillas 30 \u20ac la pareja cachas traseras 40 \u20ac la pareja todo junto 150. Recambio usado, entrega en mano o env\u00edo a toda Espa\u00f1a. Llamenos de lunes a viernes de 10 a 20 y s\u00e1bados de&hellip;&nbsp;<a href=\"https:\/\/desguacedemotos.info\/index.php\/producto\/kit-plasticos-yamaha-wr-426\/\" class=\"\" rel=\"bookmark\">Leer m\u00e1s &raquo;<span class=\"screen-reader-text\">KIT PL\u00c1STICOS YAMAHA WR 426<\/span><\/a><\/p>\n","protected":false},"featured_media":3127,"template":"","meta":{"neve_meta_sidebar":"","neve_meta_container":"","neve_meta_enable_content_width":"","neve_meta_content_width":0,"neve_meta_title_alignment":"","neve_meta_author_avatar":"","neve_post_elements_order":"","neve_meta_disable_header":"","neve_meta_disable_footer":"","neve_meta_disable_title":"","_ti_tpc_template_sync":false,"_ti_tpc_template_id":"","_joinchat":[]},"product_cat":[1554],"product_tag":[],"_links":{"self":[{"href":"https:\/\/desguacedemotos.info\/index.php\/wp-json\/wp\/v2\/product\/14968"}],"collection":[{"href":"https:\/\/desguacedemotos.info\/index.php\/wp-json\/wp\/v2\/product"}],"about":[{"href":"https:\/\/desguacedemotos.info\/index.php\/wp-json\/wp\/v2\/types\/product"}],"version-history":[{"count":1,"href":"https:\/\/desguacedemotos.info\/index.php\/wp-json\/wp\/v2\/product\/14968\/revisions"}],"predecessor-version":[{"id":15719,"href":"https:\/\/desguacedemotos.info\/index.php\/wp-json\/wp\/v2\/product\/14968\/revisions\/15719"}],"wp:featuredmedia":[{"embeddable":true,"href":"https:\/\/desguacedemotos.info\/index.php\/wp-json\/wp\/v2\/media\/3127"}],"wp:attachment":[{"href":"https:\/\/desguacedemotos.info\/index.php\/wp-json\/wp\/v2\/media?parent=14968"}],"wp:term":[{"taxonomy":"product_cat","embeddable":true,"href":"https:\/\/desguacedemotos.info\/index.php\/wp-json\/wp\/v2\/product_cat?post=14968"},{"taxonomy":"product_tag","embeddable":true,"href":"https:\/\/desguacedemotos.info\/index.php\/wp-json\/wp\/v2\/product_tag?post=14968"}],"curies":[{"name":"wp","href":"https:\/\/api.w.org\/{rel}","templated":true}]}}