{"id":15597,"date":"2021-04-07T22:39:45","date_gmt":"2021-04-07T22:39:45","guid":{"rendered":"http:\/\/desguacedemotos.info\/index.php\/producto\/ruedas-cross\/"},"modified":"2021-04-07T22:39:45","modified_gmt":"2021-04-07T22:39:45","slug":"ruedas-cross","status":"publish","type":"product","link":"https:\/\/desguacedemotos.info\/index.php\/producto\/ruedas-cross\/","title":{"rendered":"RUEDAS CROSS"},"content":{"rendered":"<p>Ruedas delanteras y traseras de motos de campo de 50 a 125cc todas las llantas en buen estado neum\u00e1ticos con algo de vida, rueda trasera desde 50 rueda delantera 40. Recambio usado, entrega en mano o env\u00edo a toda Espa\u00f1a. Llamenos de lunes a viernes de 10 a 20 y s\u00e1bados de 10 a 14.NO RESPONDO NINGUN MENSAJE. 615213587<\/p>\n","protected":false},"excerpt":{"rendered":"<p>Ruedas delanteras y traseras de motos de campo de 50 a 125cc todas las llantas en buen estado neum\u00e1ticos con algo de vida, rueda trasera desde 50 rueda delantera 40. Recambio usado, entrega en mano o env\u00edo a toda Espa\u00f1a. Llamenos de lunes a viernes de 10 a 20 y s\u00e1bados de 10 a 14.NO&hellip;&nbsp;<a href=\"https:\/\/desguacedemotos.info\/index.php\/producto\/ruedas-cross\/\" class=\"\" rel=\"bookmark\">Leer m\u00e1s &raquo;<span class=\"screen-reader-text\">RUEDAS CROSS<\/span><\/a><\/p>\n","protected":false},"featured_media":4723,"template":"","meta":{"neve_meta_sidebar":"","neve_meta_container":"","neve_meta_enable_content_width":"","neve_meta_content_width":0,"neve_meta_title_alignment":"","neve_meta_author_avatar":"","neve_post_elements_order":"","neve_meta_disable_header":"","neve_meta_disable_footer":"","neve_meta_disable_title":"","_ti_tpc_template_sync":false,"_ti_tpc_template_id":"","_joinchat":[]},"product_cat":[1579],"product_tag":[],"_links":{"self":[{"href":"https:\/\/desguacedemotos.info\/index.php\/wp-json\/wp\/v2\/product\/15597"}],"collection":[{"href":"https:\/\/desguacedemotos.info\/index.php\/wp-json\/wp\/v2\/product"}],"about":[{"href":"https:\/\/desguacedemotos.info\/index.php\/wp-json\/wp\/v2\/types\/product"}],"version-history":[{"count":0,"href":"https:\/\/desguacedemotos.info\/index.php\/wp-json\/wp\/v2\/product\/15597\/revisions"}],"wp:featuredmedia":[{"embeddable":true,"href":"https:\/\/desguacedemotos.info\/index.php\/wp-json\/wp\/v2\/media\/4723"}],"wp:attachment":[{"href":"https:\/\/desguacedemotos.info\/index.php\/wp-json\/wp\/v2\/media?parent=15597"}],"wp:term":[{"taxonomy":"product_cat","embeddable":true,"href":"https:\/\/desguacedemotos.info\/index.php\/wp-json\/wp\/v2\/product_cat?post=15597"},{"taxonomy":"product_tag","embeddable":true,"href":"https:\/\/desguacedemotos.info\/index.php\/wp-json\/wp\/v2\/product_tag?post=15597"}],"curies":[{"name":"wp","href":"https:\/\/api.w.org\/{rel}","templated":true}]}}